 -3)) - (13 - 85).
62
-101 - (4 + -1 + (16 - 4 - 35))
-81
What is the value of -24 + -57 - ((12 + -15 - 5) + (6 - 0))?
-79
What is -1 - -31 - (-52 - (-80 + -80))?
-78
What is -2 + 42 + (15 - 39 - -39)?
55
Calculate -2 + -14 - (-51 + (37 - 31)).
29
What is 15 + (11 - (33 - 2))?
-5
Evaluate 7 + (2 - 27) - (3 + -11 - -1).
-11
Evaluate 50 - -9 - 1 - (8 + 10 + -12).
52
(0 - -1) + 1 + (53 - -4 - 0) - -5
64
What is -65 + (79 + 33 - 8)?
39
Evaluate -2 + 42 - 3 - ((55 - 26) + -29) - 5.
32
Calculate (-4 - -33 - -46) + -46.
29
36 - (-23 - -48 - -49)
-38
Calculate 11 + 1 + (5 - 1 - 23) + -5.
-12
Evaluate 49 + (-52 + 11 - -15).
23
Calculate (6 - -3) + 18 + 6 + 5.
38
(11 - (54 + -20)) + 19 + 76
72
Calculate (40 - (-77 + 132)) + -2 + -3.
-20
36 - ((-25 - -52) + (-9 - 3)) - (-6 + 9)
18
Evaluate (238 - 213 - (12 - 1)) + (15 - -23).
52
-2 + (-4 - -10) - (19 + 0 - 12)
-3
Calculate (-6 - -16) + 41 + -59 + 10 + 1.
3
What is (44 - 34 - (1 - 13) - 0) + -4?
18
What is 6396 - 6388 - (1 - 35)?
42
What is the value of (-9 - (-25 + -33)) + -25?
24
Calculate 4 + -2 - -5 - (-910 + 923).
-6
What is -50 - (-36 - -51 - 9 - ((4 - 5) + 7))?
-50
What is the value of 0 - 5 - -1 - (52 - (53 - 8))?
-11
Evaluate 108 + (-10 - 44) + -19.
35
-3 - -3 - -20 - -26 - -34
80
(-22 - -3) + -1 + 43
23
Evaluate -167 + (-107 - (-233 + 58)).
-99
Calculate (12 + 2 - -7) + (-218 - -183).
-14
What is -34 - -1 - (-424 + 347) - 71?
-27
87 + 34 + (-27 - (45 + -11))
60
Evaluate -94 - (79 - (154 + -71)).
-90
Calculate (-280 - -286) + (1 - -43).
50
Calculate 1 + -2 + 4 + 9 + -108 - (-6 - 1).
-89
Evaluate (0 - -3) + (85 - -2) - (-88 - -35 - -50).
93
Evaluate (-1 - -2) + 0 + 31 - 0 - (-17183 - -17177).
38
What is the value of ((9 - 5) + 5 - 0) + (-72 - (-4 + -24))?
-35
Calculate -30 - (0 - (0 - 0)) - (2117 + -2116).
-31
-7 - (-235 - -225 - (-6 + 1) - -6)
-8
Calculate (-26 - -17) + 12 + 9 + 10.
22
What is the value of -49 - -48 - (75 + 24 + -21)?
-79
Calculate -22 + (9 - (-3 + 2)) - (9 - 31).
10
What is the value of 10 + -9 + -9 + (1 + 91 - (-82 + 78))?
88
What is the value of -141 + 65 + 41 - -19?
-16
Evaluate -2 - (5 + (6 + -6 - (9 + 3 + 0))).
5
5 + 5 + -9 + (-33 - (-30 - -37))
-39
What is -7 - -36 - (-22 + -10)?
61
0 + (-21 - (-22 - -12) - ((-4 - 3) + -64))
60
Calculate 107 + 4 + 75 + (-6 - 94).
86
Evaluate 17 + (15 - (8 + -10)).
34
Evaluate (11 - (-9 - 18)) + -4 + -10 + 9.
33
Evaluate -99 - -1 - (331 + -398).
-31
Calculate (0 - -16) + (18 - (29 - (12 - -8))) + -106.
-81
What is -58 + 29 + -30 + 31 + (-1 - 8)?
-37
What is -4 + 12 + 2 + 11 + 21?
42
Evaluate (23 - -32) + (-198 - -167).
24
(-39 - -53 - (-4 - -4)) + 92 + -36
70
What is -25 + (37 - 48) - (4 - -63)?
-103
Calculate (-2 - (-4 + 12)) + (141 - 165).
-34
What is 9 + (-111 + 1 - (-322 + 299)) - 10?
-88
What is 21 - (-19 - (3 - (-14 + (46 - 11))))?
22
Calculate (7 - (-9 + -1) - 5 - (-22 + 23)) + -6.
5
52 - (20 - -12 - 19)
39
What is -18 + 9 - (16 + (58 + -52 - (0 - -1)))?
-30
Calculate 109 - (-10 + 16) - (25 + -9 - 0).
87
1 + 17 - -2 - (-18667 - -18610)
77
(-34 - ((7 - -29) + -28)) + 155
113
Evaluate -32 + -16 + (-13 - -20) + 30.
-11
Evaluate (-6 - 8) + 2 + 1 + 5 + 95 + -34.
55
What is the value of 30 + 0 + -17 + 14 + (24 + -14 - 12)?
25
What is -2 + (7 - -2) - ((-56 - (-15 - 56)) + -27)?
19
(-2903 - -2923) + -2 + 27
45
Calculate -23 - (30 - (-3 + 18 + 1)).
-37
What is (11 + (22 - 29) - 59) + (-2 - 5 - -4)?
-58
Calculate 29 + 5 - (105 - 58).
-13
-9 + -24 + 119 + -41
45
What is the value of -6 + 29 + 32 - (7 + 10) - 3?
35
-17 - (-25 - -9) - (-11 - 33 - (-2 + 1))
42
What is 83 - (-3 - 10 - (-9 - 5) - 13)?
95
Calculate -104 + 220 + 91 - 103.
104
Calculate (2 + 11 - (13 + -11)) + -19.
-8
(102 - (34 + -48)) + -17 + -31
68
-31 - ((-3 - 3) + 33) - 14
-72
Evaluate -98 - (-179 - -86 - -54).
-59
What is the value of -11 - 13 - (6 + (19 - 61))?
12
What is 22 + 0 + -12 - (-6 - 8 - -1)?
23
Calculate 11 + 44 + (-19 - -2) - (-1 - (0 - -1)).
40
What is 84 - (11 + 15 + (19 - 20))?
59
-8 + 27 + (-234 - -196)
-19
What is -41 - (-7 - (2 + 10 + (-38 - -30)))?
-30
Calculate (-9 - (-12 - -7) - 3 - -18) + 58.
69
What is the value of 14 + (-15 + 16 - -8 - 15) + 20?
28
What is (-1 - (18 - -3 - 44)) + -3?
19
Evaluate -32 + -18 + 30 + (-38 - -21).
-37
What is -63 + (-2 - (-15 + 4))?
-54
Evaluate 2241 - 2170 - (47 + 2).
22
Evaluate 31 + -12 + (-1 - -26).
44
What is 3 - (-6 + 20 + -5 + (-8 - (-6 + 4)))?
0
8 + -40 + 6 + -5 + -78 + 92
-17
What is the value of -204 + 235 - (9 - -86)?
-64
Calculate 4 - -21 - (36 - 3 - -56).
-64
What is the value of 2 + -10 + -3 + -63 + 53 + -15?
-36
Calculate 109 - 156 - (-8 - -9).
-48
Evaluate (-45 - (-160 - -27)) + -36.
52
(72 - (1 - -49)) + (2 - -45)
69
What is 89 + -7 + -6 + 0 + 14 + -9 + -13?
68
Calculate 27 - ((17 - (16 + -12 - 15)) + -15).
14
What is -39 - (-16 - 42 - -49)?
-30
Calculate (1 - -73 - (-148 - (-241 - -113))) + 16.
110
72 + -45 + 25 - 56
-4
What is the value of (-3 - -31 - 13) + -16?
-1
Calculate (-43 + 1 - -2) + (-121 + 53 - -48 - -10).
-50
What is 7 + 47 + (-23 - -2) + -88?
-55
What is the value of -30 - (210 + -193 + 28 + 1)?
-76
What is the value of 32 + 26 + -18 + (-2 - (-5 + 10))?
33
-18 - (-12 - ((17 - -1) + 0))
12
(39 - 63 - (-2 - 2)) + (-5 - -10) + -1
-16
What is the value of 28 - 63 - (27 - 28)?
-34
(2 - -2) + 0 + 4 + -40 + 34 + 14
16
Evaluate 21 - (95 - 51) - (-97 - 2).
76
Evaluate -31 - (9 + -46 + 48 - -103).
-145
What is -73 + 112 - 114 - -20?
-55
What is the value of -68 - (27 + -35 - (-6 - 2) - (12 - 25))?
-81
What is 27 + -46 + 39 + (3 - -18)?
41
Evaluate -54 + (-7 + (2 - 4) + 19 - 0).
-44
6 + -9 - 132 - (-26 - (2 - 11))
-118
Calculate 112 + 121 + -152 + -25 + -1.
55
What is -94 + 17 + -47 - -69?
-55
What is (-21 - (44 - 82)) + 34?
51
What is the value of (-1 - -72) + -5348 + 5306?
29
Evaluate -3 + (-3 + 4 + 66 + 13 - 2).
75
-2 + 2 - (-8 - (-3 - -29 - 37))
-3
What is -53 - (93 + -183 - -37)?
0
-33 + 58 + -84 + -32
-91
Evaluate -13 + (9 - (-1 - -4 - (2 + -2))) + -52.
-59
What is -3692 + 3584 - (1 + -11)?
-98
Calculate -337 - -342 - (-49 + (-2 - (-4 + -3)) - -1).
48
What is the value of 33 - (-83 - -124) - (1 - -1) - 32?
-42
(28 - -49) + -51 + (-52 - -1)
-25
What is the value of 1 + -104 - -146 - (9 + 1)?
33
Calculate 34 + (40 - 60) + 17.
31
Calculate 7 - (4 - -15 - 31 - -11).
8
What is the value of 39 - (-4 + -16 + 1 + 4 + 30)?
24
What is the value of (-5 + 0 - -15) + 0 + -22 + 23 + -26?
-15
Evaluate (-23 - -49) + 27 + -31 + (1 - 1).
22
What is -13 + 4 - ((-11 - 32) + 11)?
23
What is -40 - (95 - 100 - ((-2 - (6 + -4)) + 8))?
-31
Evaluate 116 + -57 - 73 - (5 + -1).
-18
Evaluate -1 + -42 - (67 + -229 + 141).
-22
What is the value of -41 + -2 + (13 - -13 - 48)?
-65
-63 + -34 + (-49 - -144)
-2
Evaluate 7 + 4 + 14 + 69 + 44.
138
Evaluate -14 + (-17 - 11) - (-2 - 3 - -14).
-51
52 + (-12 + 5 + -12 - 0)
33
What is the value of -26 + 3 - (53 - (-88 - -169))?
5
9 - 19 - -14 - -26 - 10
20
-53 - (-14 - (39 + -45))
-45
Evaluate (-43 - (14 - -3 - 16) - -18) + 2.
-24
Evaluate 1 + -2 + (-15 - 1 - (-40 - (-23 + -12))).
-12
What is -7 + 67 + 15 - 51?
24
What is -2 + (31 - (-17 + 2 + -1 + 5)) + 4?
44
What is -12 + -1 + 5 + (64 - 40 - 4)?
12
What is 6 - (9 + -18 + (6 - (-7 + 11 - 9)))?
4
Calculate (122 - 150 - 55) + 169.
86
What is the value of -52 - 7 - 3 - -8 - (-169 - -164)?
-49
Evaluate -10 + 1 + 123 + -231 + 205.
88
What is 20 + -39 + -31 + (15 - 10 - -8)?
-37
Evaluate 46 + -1 + (-4 - -3) + -3.
41
Evaluate (10 - -2) + 7 - 8 - (-4 + -1).
16
What is the value of (-14 - 25) + (-139 - -182)?
4
What is the value of (-32 - (-14 + (-1 + -15 - -23))) + (2 - 5)?
-28
Calculate (-8 - -4 - (-2 - -3 - 4)) + (139 - 111).
27
Evaluate -5 - (35 + (-11 - 1) + (-34 - -34)).
-28
What is the value of -490 + 462 - (-21 - 3)?
-4
Calculate (-1 - (-3 - 36)) + 2142 + -2169.
11
What is -21 - (-1 + -8 - -1 - 1) - 27?
-39
What is -15 + (-19 - (-61 + 37 + -21)) - -74?
85
Calculate (19 - (7 + -13)) + -730 + 809.
104
-71 + 63 + (40 - 77)
-45
What is 11 - 67 - (-62 + 102 + 7 + -30)?
-73
Evaluate 1 + 26 - 0 - (-2093 + 2095).
25
Evaluate (23 - 15) + -32 + 3 + 2 + -3.
-22
Evaluate (-6 - -11) + 9 - (-2 - 6 - -53).
-31
0 + (35 - 0) - (-194 + 214)
15
What is (19 - 13) + -1 + (21 + -10 + -3 - 68)?
-55
-1 + -24 - (-26 + 18 - -46)
-63
Calculate (-5 + 3 - -17 - 26) + 2